3).
20
Suppose -h = h + o - 13, 3*h = -o + 18. What is the remainder when 17 is divided by h?
2
Let i(h) = -2*h**3 - 3*h**2 + h + 2. Let x be i(-2). What is the remainder when -21*-1*x/3 is divided by 10?
8
Suppose 0 = 2*j + 3 - 27. Calculate the remainder when 20 is divided by j.
8
Let i = 71 + -42. Suppose q = 20 + i. What is the remainder when q is divided by 1*18 + 3 + -4?
15
Let m(f) = -20*f**2 + 14*f - 47. Let r(z) = 7*z**2 - 5*z + 16. Let v(d) = -6*m(d) - 17*r(d). What is the remainder when 19 is divided by v(0)?
9
Let q = 13 - -17. Suppose -5*f = -3*r - 55, -r - 55 = -5*f - 2*r. What is the remainder when q is divided by f?
8
Suppose 9 = 3*z - 12*q + 17*q, z = -4*q - 4. What is the remainder when 30 is divided by z?
6
Let f be (3*2)/(3/2). Let k(y) = -f*y**2 + y**3 - 2 + 3 + 2*y + 9*y**2. What is the remainder when 50 is divided by k(-3)?
11
Let v(c) = -4*c + 9. Let f(l) = l - 1. Let t(p) = 3*f(p) + v(p). What is the remainder when 17 is divided by t(0)?
5
Let t = -32 - -46. Suppose -t = 4*c - 5*c. Suppose 2*z + 3 = 55. What is the remainder when z is divided by c?
12
Suppose -3*m + 56 = m. Suppose n = m + 4. Calculate the remainder when n is divided by 10.
8
Suppose -143 - 7 = -5*a. Suppose -5*k = -h - 11 + a, 3*k = 4*h - 8. Calculate the remainder when 2 is divided by h - -1 - (-2 + 0).
0
Let p(z) = -z**3 + 6*z**2 - 2*z - 2. What is the remainder when 50 is divided by p(5)?
11
Suppose -4*w = -2*w - 28. Let q(m) = m**3 - 13*m**2 + 13*m + 7. Calculate the remainder when q(12) is divided by (3/6*w)/1.
5
Let t = 3 - 5. Calculate the remainder when 100/t*-1 + 0 is divided by 17.
16
Suppose -2*r + 4*h = -92, 0*h - 216 = -5*r - 4*h. What is the remainder when r is divided by 9?
8
Let w(d) = d - 5. Calculate the remainder when w(7) is divided by 2.
0
Let w be (-15)/(-2 - (-1)/2). Suppose w = -5*x, -4*x + 5 = 5*v - 57. Suppose -4*m + 82 = -2*m. What is the remainder when m is divided by v?
13
Let q = -21 + 22. What is the remainder when (-360)/(-8) - 2*q is divided by 23?
20
Let j = 36 - 32. What is the remainder when 11 is divided by j?
3
Let a = 5 - 5. Let b(s) = -s**3 + s**2 + s + 54. Calculate the remainder when b(a) is divided by 19.
16
Let o = 15 + 0. Suppose 5 = -4*w + 177. What is the remainder when w is divided by o?
13
Suppose 20 = p - 3*p. Let r = p + 14. Suppose -18 = r*s - 130. What is the remainder when s is divided by 15?
13
Let t = -85 + 113. What is the remainder when 109 is divided by t?
25
Suppose 4*i = -3 - 1. What is the remainder when 3*(i + (-50)/(-6)) is divided by 14?
8
Suppose 0 = 2*a + 3*a - 80. What is the remainder when 30 is divided by a?
14
Let h(z) = z**3 - 7*z**2 - 6*z - 9. Let d be h(8). Let k(r) = r - 6. Suppose -l + 2 - 1 = 0. Calculate the remainder when k(d) is divided by l.
0
Let h = -13 + 31. Calculate the remainder when h is divided by 5.
3
Let m(p) = -4*p + 29. Calculate the remainder when 84 is divided by m(0).
26
Let k = -295 + 416. Suppose -4*l + 2*a = -3*a - k, 0 = l + 2*a - 27. Calculate the remainder when l is divided by 8/10*75/6.
9
Let u(p) = p + 8. What is the remainder when 19 is divided by u(-1)?
5
Let x = 4 - 0. Let y = 19 - 19. Suppose l = -3*j + 25, y = 2*l + 5*j - 23 - 23. What is the remainder when l is divided by x?
1
Let n(u) = -3*u**2 - 3*u + 5. Let a(x) = x**2 + x - 1. Let c(z) = 5*a(z) + n(z). Calculate the remainder when 23 is divided by c(-3).
11
Let p = -45 + 50. Calculate the remainder when 14 is divided by p.
4
Let k = 4 - 1. Suppose -5*i + 203 = -0*i + 2*r, k*i + r = 121. Let q = i + -11. What is the remainder when q is divided by 10?
8
Suppose 5*g + 71 = 3*t, 1 = t - 4*g - 18. What is the remainder when 79 is divided by t?
25
Suppose 4*z = 4*u + 40, 0*z - 2*z - u + 14 = 0. Suppose -7*d + 3*d = -20. Calculate the remainder when z is divided by d.
3
Let r(b) = -2*b + 16. Calculate the remainder when 30 is divided by r(0).
14
Let h = 111 - 22. What is the remainder when h is divided by 31?
27
Suppose 0 = -4*d - u + 2*u + 6, -d - 2*u + 6 = 0. Suppose 0 = 2*c - 5*i + 6, -3*c = -i + 6*i - 16. What is the remainder when d is divided by c?
0
Suppose 3*b + 2*i - 54 = 152, -5*b = -3*i - 337. Suppose -3*z - z = -b. What is the remainder when z is divided by 9?
8
Let p(v) = -v**3 + 3*v**2 + 3*v - 3. Let o be p(3). Let u = -5 + o. What is the remainder when u/(-2)*(1 - 111) is divided by 19?
17
Let k(r) = 30*r**2 - 3*r + 3. Let z(n) = -61*n**2 + 5*n - 5. Let c(s) = -5*k(s) - 3*z(s). Calculate the remainder when c(-1) is divided by 18.
15
Let j = 2 - -12. What is the remainder when 68 is divided by j?
12
Suppose 0 = -3*m + m + 20. Calculate the remainder when ((-58)/(-4))/((-1)/(-2)) is divided by m.
9
Let j(w) = -4*w - 53. What is the remainder when 117 is divided by j(-20)?
9
Suppose 20 = c + 3*z - 5*z, 0 = -2*c + 2*z + 36. Suppose -277 + 59 = -3*w - n, -4*n = -8. Suppose -21 = -3*l + w. What is the remainder when l is divided by c?
15
Suppose -5*p + 6 = 3*w - 1, -4*w - p = -15. Suppose r = -h - w, h + h + 4*r = -18. What is the remainder when 2 is divided by h?
0
Let c(h) = 7*h**2 - 4*h + 3. Calculate the remainder when c(3) is divided by 14.
12
Suppose -c = -6*c + 15. Let u be (c/(-6))/((-2)/8). Suppose -u*l - 11 = -43. What is the remainder when 31 is divided by l?
15
Let h = 23 - -18. What is the remainder when 72 is divided by h?
31
Let z(s) = s**3 + 5*s**2 + 5*s - 2. What is the remainder when 1 is divided by z(-3)?
0
Let b(t) = -t**3 + t + 13. Let q = 3 - 3. What is the remainder when 25 is divided by b(q)?
12
Let b = -27 + 47. Calculate the remainder when 15 is divided by 24/(-30)*b/(-2).
7
Suppose 90 = -6*i + 8*i. What is the remainder when i is divided by 16?
13
Let r = 32 - 21. What is the remainder when r is divided by 4?
3
Suppose 2*m = -0*m + 22. Suppose 4*r - 17 - m = 0. What is the remainder when r is divided by 4?
3
Suppose -5*w = 33 - 183. Calculate the remainder when (-18)/(-12)*(w + 2) is divided by 25.
23
Let i = -16 - -25. What is the remainder when 16 is divided by i?
7
Let k(b) = b**3 + b**2 + 17. Suppose -f + 2*f = 0. What is the remainder when 50 is divided by k(f)?
16
Let a(s) = s**2 + s - 6. Let i be -1 - -2 - (0 - 0). Let w be 10/(-2)*1/i. Calculate the remainder when 26 is divided by a(w).
12
Let j = -10 + 5. Let t(n) = -3*n - 1. What is the remainder when t(j) is divided by 0 - -1 - (-3 + -1)?
4
What is the remainder when 0 - -1 - (-2)/1 is divided by 6 - (5 - 3 - -2)?
1
Let h(j) = 14*j + 1. Suppose -5*z = -37 - 53. Suppose -2*p = 2 - z. Calculate the remainder when h(2) is divided by p.
5
Let f = -159 - -189. Calculate the remainder when f is divided by 16.
14
Suppose -4*v + 316 = 5*a, -2*a + 252 = 2*a + 4*v. What is the remainder when a is divided by 33?
31
Let s(z) = -z + 7. Let x be s(6). Suppose 0 = 3*w - x - 5. Calculate the remainder when 28 is divided by (-322)/(-21) + w/(-6).
13
Let x = -16 + 92. Calculate the remainder when x is divided by 8.
4
Suppose -2*i - 5*k = -27, 9*i - 4*i - 5*k + 20 = 0. What is the remainder when 2 is divided by i?
0
Let c(i) = i**3 + 5*i**2 + 2*i - 3. Let m be 4/(-18) + 470/9. What is the remainder when (-2)/6 + m/3 is divided by c(-3)?
8
What is the remainder when (21 + -19)*(-1)/2*-17 is divided by 10?
7
Suppose -1 = -6*u + 5. Suppose 3*j - 21 = 3*m, 2*m - m = 3*j - 17. Suppose q + q = -5*r + 7, 0 = -j*r - 3*q + 8. What is the remainder when u is divided by r?
0
Suppose -9 + 1 = -4*g. Suppose 4*z - g = 74. What is the remainder when 37 is divided by z?
18
Suppose f + a - 4*a = 44, 2*a = -8. Calculate the remainder when f is divided by 9.
5
Let w(u) = -u**2 - 9*u - 6. Suppose -3*s = -2*s + 6. Let b be w(s). Calculate the remainder when -3*4/(b/(-11)) is divided by 6.
5
Let t(s) be the second derivative of -s**5/20 + s**4/12 - s**3/6 + 27*s**2/2 - 2*s. What is the remainder when t(0) is divided by 14?
13
Let n(o) = 2*o**2. Suppose -2*m + 2 = -4*m. Let s be n(m). What is the remainder when 24 is divided by 1/(s/78*3)?
11
Let w = -96 - -162. Let z = w - -12. What is the remainder when z is divided by 27?
24
Let y = 28 + -24. Let c be ((-2)/3 + 0)*-6. Suppose 2*x = -4*o - 10, -x - c*o - 28 = -5*x. What is the remainder when y is divided by x?
1
Let k(b) = b**2 + 12*b - 4. Let g = 31 + -17. Calculate the remainder whe